{"id":542,"date":"2020-08-26T03:14:49","date_gmt":"2020-08-26T03:14:49","guid":{"rendered":"http:\/\/flaschenlampen.ch\/index.php\/home\/"},"modified":"2025-04-13T15:11:16","modified_gmt":"2025-04-13T13:11:16","slug":"home","status":"publish","type":"page","link":"https:\/\/flaschenlampen.ch\/","title":{"rendered":"Home"},"content":{"rendered":"\n<div class=\"wp-block-cover alignfull has-custom-content-position is-position-top-left\" style=\"margin-top:0;padding-top:5vw;padding-right:5vw;padding-bottom:5vw;padding-left:5vw;min-height:50vh;aspect-ratio:unset;\"><span aria-hidden=\"true\" class=\"wp-block-cover__background has-background-dim-90 has-background-dim\" style=\"background-color:#141414\"><\/span><img loading=\"lazy\" decoding=\"async\" width=\"2000\" height=\"1695\" class=\"wp-block-cover__image-background wp-image-1200\" alt=\"\" src=\"https:\/\/flaschenlampen.ch\/wp-content\/uploads\/2022\/08\/20211219_160401-1.jpg\" data-object-fit=\"cover\" srcset=\"https:\/\/flaschenlampen.ch\/wp-content\/uploads\/2022\/08\/20211219_160401-1.jpg 2000w, https:\/\/flaschenlampen.ch\/wp-content\/uploads\/2022\/08\/20211219_160401-1-600x509.jpg 600w, https:\/\/flaschenlampen.ch\/wp-content\/uploads\/2022\/08\/20211219_160401-1-300x254.jpg 300w, https:\/\/flaschenlampen.ch\/wp-content\/uploads\/2022\/08\/20211219_160401-1-1024x868.jpg 1024w, https:\/\/flaschenlampen.ch\/wp-content\/uploads\/2022\/08\/20211219_160401-1-768x651.jpg 768w, https:\/\/flaschenlampen.ch\/wp-content\/uploads\/2022\/08\/20211219_160401-1-1536x1302.jpg 1536w\" sizes=\"auto, (max-width: 2000px) 100vw, 2000px\" \/><div class=\"wp-block-cover__inner-container is-layout-flow wp-block-cover-is-layout-flow\">\n<div class=\"wp-block-group wp-container-content-9cfa9a5a is-vertical is-nowrap is-layout-flex wp-container-core-group-is-layout-2890af74 wp-block-group-is-layout-flex\">\n<p class=\"has-text-align-left has-text-color has-source-serif-pro-font-family\" style=\"color:#d8a557;font-size:160px;font-style:italic;font-weight:900;letter-spacing:-4px;line-height:0.8;text-transform:none\">So einzigartig wie du!<\/p>\n<\/div>\n\n\n\n<p><strong><mark style=\"background-color:rgba(0, 0, 0, 0)\" class=\"has-inline-color has-ast-global-color-5-color\">Suchen Sie ein individuelles Geschenk oder einen speziellen Eyecatcher f\u00fcr Ihr Zuhause? Ich stelle Ihnen Ihre pers\u00f6nliche Flaschenlampe her, mit einer Flasche die sie selber liefern oder die ich f\u00fcr Sie besorge, gef\u00fcllt nach ihrem wunsch und einem Lampenschirm der Ihnen gef\u00e4llt<\/mark><\/strong><\/p>\n<\/div><\/div>\n\n\n\nngg_shortcode_0_placeholder\n\n\n\n<p><\/p>\n","protected":false},"excerpt":{"rendered":"","protected":false},"author":1,"featured_media":0,"parent":0,"menu_order":0,"comment_status":"closed","ping_status":"closed","template":"","meta":{"site-sidebar-layout":"no-sidebar","site-content-layout":"plain-container","ast-site-content-layout":"normal-width-container","site-content-style":"unboxed","site-sidebar-style":"unboxed","ast-global-header-display":"","ast-banner-title-visibility":"","ast-main-header-display":"","ast-hfb-above-header-display":"","ast-hfb-below-header-display":"","ast-hfb-mobile-header-display":"","site-post-title":"disabled","ast-breadcrumbs-content":"disabled","ast-featured-img":"disabled","footer-sml-layout":"","theme-transparent-header-meta":"enabled","adv-header-id-meta":"","stick-header-meta":"","header-above-stick-meta":"","header-main-stick-meta":"","header-below-stick-meta":"","astra-migrate-meta-layouts":"set","ast-page-background-enabled":"default","ast-page-background-meta":{"desktop":{"background-color":"","background-image":"","background-repeat":"repeat","background-position":"center center","background-size":"auto","background-attachment":"scroll","background-type":"","background-media":"","overlay-type":"","overlay-color":"","overlay-opacity":"","overlay-gradient":""},"tablet":{"background-color":"","background-image":"","background-repeat":"repeat","background-position":"center center","background-size":"auto","background-attachment":"scroll","background-type":"","background-media":"","overlay-type":"","overlay-color":"","overlay-opacity":"","overlay-gradient":""},"mobile":{"background-color":"","background-image":"","background-repeat":"repeat","background-position":"center center","background-size":"auto","background-attachment":"scroll","background-type":"","background-media":"","overlay-type":"","overlay-color":"","overlay-opacity":"","overlay-gradient":""}},"ast-content-background-meta":{"desktop":{"background-color":"var(--ast-global-color-5)","background-image":"","background-repeat":"repeat","background-position":"center center","background-size":"auto","background-attachment":"scroll","background-type":"","background-media":"","overlay-type":"","overlay-color":"","overlay-opacity":"","overlay-gradient":""},"tablet":{"background-color":"var(--ast-global-color-5)","background-image":"","background-repeat":"repeat","background-position":"center center","background-size":"auto","background-attachment":"scroll","background-type":"","background-media":"","overlay-type":"","overlay-color":"","overlay-opacity":"","overlay-gradient":""},"mobile":{"background-color":"var(--ast-global-color-5)","background-image":"","background-repeat":"repeat","background-position":"center center","background-size":"auto","background-attachment":"scroll","background-type":"","background-media":"","overlay-type":"","overlay-color":"","overlay-opacity":"","overlay-gradient":""}},"ngg_post_thumbnail":0,"footnotes":""},"class_list":["post-542","page","type-page","status-publish","hentry"],"_links":{"self":[{"href":"https:\/\/flaschenlampen.ch\/index.php\/wp-json\/wp\/v2\/pages\/542","targetHints":{"allow":["GET"]}}],"collection":[{"href":"https:\/\/flaschenlampen.ch\/index.php\/wp-json\/wp\/v2\/pages"}],"about":[{"href":"https:\/\/flaschenlampen.ch\/index.php\/wp-json\/wp\/v2\/types\/page"}],"author":[{"embeddable":true,"href":"https:\/\/flaschenlampen.ch\/index.php\/wp-json\/wp\/v2\/users\/1"}],"replies":[{"embeddable":true,"href":"https:\/\/flaschenlampen.ch\/index.php\/wp-json\/wp\/v2\/comments?post=542"}],"version-history":[{"count":64,"href":"https:\/\/flaschenlampen.ch\/index.php\/wp-json\/wp\/v2\/pages\/542\/revisions"}],"predecessor-version":[{"id":1711,"href":"https:\/\/flaschenlampen.ch\/index.php\/wp-json\/wp\/v2\/pages\/542\/revisions\/1711"}],"wp:attachment":[{"href":"https:\/\/flaschenlampen.ch\/index.php\/wp-json\/wp\/v2\/media?parent=542"}],"curies":[{"name":"wp","href":"https:\/\/api.w.org\/{rel}","templated":true}]}}